{"id":7274,"date":"2023-02-28T17:19:53","date_gmt":"2023-02-28T15:19:53","guid":{"rendered":"https:\/\/karate-belp.ch\/?page_id=7274"},"modified":"2023-03-02T11:06:36","modified_gmt":"2023-03-02T09:06:36","slug":"7274-2","status":"publish","type":"page","link":"https:\/\/karate-belp.ch\/?page_id=7274","title":{"rendered":"Kata verbessern"},"content":{"rendered":"<p>[et_pb_section fb_built=&#8220;1&#8243; admin_label=&#8220;\u00fcber Karate&#8220; _builder_version=&#8220;4.20.0&#8243; background_color=&#8220;#fbfcfd&#8220; custom_padding=&#8220;0|0px|54px|0px|false|false&#8220; collapsed=&#8220;off&#8220; global_colors_info=&#8220;{}&#8220;][et_pb_row _builder_version=&#8220;4.16&#8243; global_colors_info=&#8220;{}&#8220;][et_pb_column type=&#8220;4_4&#8243; _builder_version=&#8220;4.16&#8243; custom_padding=&#8220;|||&#8220; global_colors_info=&#8220;{}&#8220; custom_padding__hover=&#8220;|||&#8220;][et_pb_image src=&#8220;https:\/\/karate-belp.ch\/wp-content\/uploads\/cropped-cropped-cropped-cropped-logo-mit-Text-lang-trans-1-1.png&#8220; title_text=&#8220;cropped-cropped-cropped-cropped-logo-mit-Text-lang-trans-1-1.png&#8220; align=&#8220;right&#8220; admin_label=&#8220;Logorechts&#8220; _builder_version=&#8220;4.20.0&#8243; _module_preset=&#8220;default&#8220; z_index=&#8220;500&#8243; width=&#8220;12%&#8220; global_colors_info=&#8220;{}&#8220; theme_builder_area=&#8220;post_content&#8220;][\/et_pb_image][et_pb_menu _builder_version=&#8220;4.20.0&#8243; _module_preset=&#8220;default&#8220; global_colors_info=&#8220;{}&#8220;][\/et_pb_menu][et_pb_post_nav in_same_term=&#8220;off&#8220; _builder_version=&#8220;4.20.0&#8243; _module_preset=&#8220;default&#8220; global_colors_info=&#8220;{}&#8220; theme_builder_area=&#8220;post_content&#8220;][\/et_pb_post_nav][et_pb_divider color=&#8220;#ff4c00&#8243; divider_weight=&#8220;2px&#8220; _builder_version=&#8220;4.16&#8243; max_width=&#8220;140px&#8220; module_alignment=&#8220;left&#8220; height=&#8220;10px&#8220; custom_margin=&#8220;|||&#8220; animation_style=&#8220;fade&#8220; locked=&#8220;off&#8220; global_colors_info=&#8220;{}&#8220;][\/et_pb_divider][et_pb_text admin_label=&#8220;title&#8220; _builder_version=&#8220;4.20.0&#8243; text_font=&#8220;||||||||&#8220; header_font=&#8220;||||||||&#8220; header_2_font=&#8220;Oswald|700|on|on|||||&#8220; header_2_font_size=&#8220;14vw&#8220; header_2_letter_spacing=&#8220;0.18em&#8220; background_layout=&#8220;dark&#8220; custom_margin_tablet=&#8220;|||0vw&#8220; custom_margin_phone=&#8220;||&#8220; custom_margin_last_edited=&#8220;off|desktop&#8220; animation_style=&#8220;slide&#8220; animation_direction=&#8220;left&#8220; animation_delay=&#8220;100ms&#8220; animation_intensity_slide=&#8220;10%&#8220; hover_enabled=&#8220;0&#8243; header_2_font_size_tablet=&#8220;7.5vw&#8220; header_2_font_size_last_edited=&#8220;off|desktop&#8220; header_2_text_shadow_style=&#8220;preset3&#8243; header_2_text_shadow_horizontal_length=&#8220;-0.14em&#8220; header_2_text_shadow_vertical_length=&#8220;0.1em&#8220; header_2_text_shadow_blur_strength=&#8220;0.8em&#8220; header_2_text_shadow_color=&#8220;rgba(149,173,193,0.46)&#8220; locked=&#8220;off&#8220; global_colors_info=&#8220;{}&#8220; custom_margin__hover_enabled=&#8220;on&#8220; custom_margin__hover=&#8220;|||5px&#8220; theme_builder_area=&#8220;post_content&#8220; sticky_enabled=&#8220;0&#8243;]<\/p>\n<h3><span style=\"color: #ff4c00;\">Kata verbessern<\/span><\/h3>\n<p>[\/et_pb_text][\/et_pb_column][\/et_pb_row][et_pb_row column_structure=&#8220;1_2,1_2&#8243; custom_padding_last_edited=&#8220;on|phone&#8220; admin_label=&#8220;Kata verbessern&#8220; _builder_version=&#8220;4.20.0&#8243; custom_padding=&#8220;|40px||40px|false|false&#8220; custom_padding_tablet=&#8220;&#8220; custom_padding_phone=&#8220;|0px||0px||true&#8220; global_colors_info=&#8220;{}&#8220;][et_pb_column type=&#8220;1_2&#8243; _builder_version=&#8220;4.20.0&#8243; custom_padding=&#8220;|||&#8220; box_shadow_style=&#8220;preset2&#8243; global_colors_info=&#8220;{}&#8220; custom_padding__hover=&#8220;|||&#8220;][et_pb_text _builder_version=&#8220;4.16&#8243; text_font=&#8220;Oswald||on||||||&#8220; text_text_color=&#8220;#2a2a2a&#8220; text_font_size=&#8220;22px&#8220; text_line_height=&#8220;2em&#8220; animation_style=&#8220;fold&#8220; animation_direction=&#8220;left&#8220; animation_intensity_fold=&#8220;5%&#8220; animation_starting_opacity=&#8220;100%&#8220; global_colors_info=&#8220;{}&#8220;]<\/p>\n<p>10 Punkte um die Kata zu verbessern<\/p>\n<p>[\/et_pb_text][\/et_pb_column][et_pb_column type=&#8220;1_2&#8243; _builder_version=&#8220;4.16&#8243; custom_padding=&#8220;|||&#8220; global_colors_info=&#8220;{}&#8220; custom_padding__hover=&#8220;|||&#8220;][et_pb_text _builder_version=&#8220;4.20.0&#8243; text_line_height=&#8220;2em&#8220; animation_style=&#8220;fold&#8220; animation_direction=&#8220;left&#8220; animation_intensity_fold=&#8220;5%&#8220; animation_starting_opacity=&#8220;100%&#8220; global_colors_info=&#8220;{}&#8220;]<\/p>\n<div class=\"entry-content\">\n<p><strong>Blick<\/strong><br \/>Halte den Blick konzentriert auf Augenh\u00f6he und suche den Weg nicht am Boden<\/p>\n<p><strong>Konzentration<\/strong><br \/>Bereite dich auf die Kata im Geist vor und sei bereits vor, \u00fcberlege dir die ersten Bewegungen und lass deine K\u00f6rper aufrecht stehen, damit man deine Entschlossenheit merkt.<\/p>\n<p><strong>Geschwindigkeit<\/strong><br \/>Starte die Bewegung schnell und nicht im ersten Gang<\/p>\n<p><strong>Stellung<\/strong><br \/>\u00dcbe die Stellungen und Techniken bereits in der Grundschule korrekt. Merke: Eine Stellung in der Kata wird in der Grundschule gelernt.<\/p>\n<p><strong>Drehung<\/strong><br \/>Das Embusem (Ablauf) hat in der Regel 90 oder 180 Grad Drehungen.. Halte diese ein damit du auf dem Weg bleibst. Damit du bei der Drehung einen guten Stand hast, ziehe dasBein zuerst zum K\u00f6rper zur\u00fcck und von dort in die neue Richtung (Keine Kreise mit dem Bein).<\/p>\n<p><strong>Kime\/ Atmung<\/strong><br \/>Sei nicht verkrampft und spanne die Muskeln am Schluss.<br \/>Atme w\u00e4hrend du dich bewegst. Die Muskeln m\u00fcssen mit Sauerstoff versorgt werden<\/p>\n<p><strong>Kiai<\/strong><br \/>Ein lautes kurzes Kiai , danach mindestens 1 Sekunde verweilen um die Spannung aufzubauen<\/p>\n<p><strong>Rhythmus<\/strong><br \/>Eine Kata lebt , denn sie erz\u00e4hlt eine Geschichte. Darum nutze die pausen und fahre dann mit schnellen Bewegungen fort. Aber immer in korrekten Bewegungen.<\/p>\n<p><strong>Kata ist Kampf<\/strong><br \/>Richte dich auf einen Kampf ein und stelle dir den Gegner vor, so werden deine Bewegungen dynamischer und effektiver.<\/p>\n<p><strong>Uebe die Kata in Einzelteilen<\/strong><br \/>Dadurch kannst du schwierige Techniken verbessern<br \/>Du kannst sie auch in verschiedenen Tempos aus\u00fcben um zu sehen wo dann Fehler auftreten.<\/p>\n<\/div>\n<p>[\/et_pb_text][\/et_pb_column][\/et_pb_row][et_pb_row _builder_version=&#8220;4.16&#8243; custom_padding=&#8220;0|0px|27px|0px|false|false&#8220; global_colors_info=&#8220;{}&#8220;][et_pb_column type=&#8220;4_4&#8243; _builder_version=&#8220;4.16&#8243; custom_padding=&#8220;|||&#8220; global_colors_info=&#8220;{}&#8220; custom_padding__hover=&#8220;|||&#8220;][et_pb_button button_url=&#8220;https:\/\/www.youtube.com\/results?search_query=karate+kata&#8220; url_new_window=&#8220;on&#8220; button_text=&#8220;Kata auf Youtube&#8220; button_alignment=&#8220;right&#8220; _builder_version=&#8220;4.20.0&#8243; custom_button=&#8220;on&#8220; button_text_size=&#8220;14px&#8220; button_text_color=&#8220;#ff4c00&#8243; button_bg_color=&#8220;#ffffff&#8220; button_border_width=&#8220;0px&#8220; button_border_color=&#8220;#ff4c00&#8243; button_border_radius=&#8220;100px&#8220; button_letter_spacing=&#8220;5px&#8220; button_font=&#8220;|900|on|on|||||&#8220; button_icon=&#8220;&#x24;||divi||400&#8243; button_on_hover=&#8220;off&#8220; background_layout=&#8220;dark&#8220; custom_margin=&#8220;|||&#8220; custom_margin_tablet=&#8220;|||0px&#8220; custom_margin_last_edited=&#8220;off|desktop&#8220; custom_padding=&#8220;20px|50px|20px|30px|true|false&#8220; animation_style=&#8220;fade&#8220; animation_direction=&#8220;left&#8220; animation_delay=&#8220;300ms&#8220; button_text_size_phone=&#8220;14px&#8220; button_text_size_last_edited=&#8220;off|desktop&#8220; box_shadow_style=&#8220;preset3&#8243; box_shadow_blur=&#8220;90px&#8220; box_shadow_spread=&#8220;-12px&#8220; box_shadow_color=&#8220;rgba(149,173,193,0.46)&#8220; locked=&#8220;off&#8220; global_colors_info=&#8220;{}&#8220; button_text_size__hover_enabled=&#8220;off&#8220; button_text_size__hover=&#8220;null&#8220; button_one_text_size__hover_enabled=&#8220;off&#8220; button_one_text_size__hover=&#8220;null&#8220; button_two_text_size__hover_enabled=&#8220;off&#8220; button_two_text_size__hover=&#8220;null&#8220; button_text_color__hover_enabled=&#8220;off&#8220; button_text_color__hover=&#8220;null&#8220; button_one_text_color__hover_enabled=&#8220;off&#8220; button_one_text_color__hover=&#8220;null&#8220; button_two_text_color__hover_enabled=&#8220;off&#8220; button_two_text_color__hover=&#8220;null&#8220; button_border_width__hover_enabled=&#8220;off&#8220; button_border_width__hover=&#8220;null&#8220; button_one_border_width__hover_enabled=&#8220;off&#8220; button_one_border_width__hover=&#8220;null&#8220; button_two_border_width__hover_enabled=&#8220;off&#8220; button_two_border_width__hover=&#8220;null&#8220; button_border_color__hover_enabled=&#8220;off&#8220; button_border_color__hover=&#8220;null&#8220; button_one_border_color__hover_enabled=&#8220;off&#8220; button_one_border_color__hover=&#8220;null&#8220; button_two_border_color__hover_enabled=&#8220;off&#8220; button_two_border_color__hover=&#8220;null&#8220; button_border_radius__hover_enabled=&#8220;off&#8220; button_border_radius__hover=&#8220;null&#8220; button_one_border_radius__hover_enabled=&#8220;off&#8220; button_one_border_radius__hover=&#8220;null&#8220; button_two_border_radius__hover_enabled=&#8220;off&#8220; button_two_border_radius__hover=&#8220;null&#8220; button_letter_spacing__hover_enabled=&#8220;on&#8220; button_letter_spacing__hover=&#8220;6px&#8220; button_one_letter_spacing__hover_enabled=&#8220;off&#8220; button_one_letter_spacing__hover=&#8220;null&#8220; button_two_letter_spacing__hover_enabled=&#8220;off&#8220; button_two_letter_spacing__hover=&#8220;null&#8220; button_bg_color__hover_enabled=&#8220;off&#8220; button_bg_color__hover=&#8220;null&#8220; button_one_bg_color__hover_enabled=&#8220;off&#8220; button_one_bg_color__hover=&#8220;null&#8220; button_two_bg_color__hover_enabled=&#8220;off&#8220; button_two_bg_color__hover=&#8220;null&#8220; box_shadow_color__hover=&#8220;rgba(149,173,193,0.29)&#8220; box_shadow_color__hover_enabled=&#8220;on&#8220; custom_padding__hover=&#8220;|50px||30px||false&#8220; box_shadow_blur__hover=&#8220;120px&#8220; box_shadow_blur__hover_enabled=&#8220;on&#8220;][\/et_pb_button][\/et_pb_column][\/et_pb_row][\/et_pb_section]<\/p>\n","protected":false},"excerpt":{"rendered":"<p>Kata verbessern10 Punkte um die Kata zu verbessern BlickHalte den Blick konzentriert auf Augenh\u00f6he und suche den Weg nicht am Boden KonzentrationBereite dich auf die Kata im Geist vor und sei bereits vor, \u00fcberlege dir die ersten Bewegungen und lass deine K\u00f6rper aufrecht stehen, damit man deine Entschlossenheit merkt. GeschwindigkeitStarte die Bewegung schnell und nicht [&hellip;]<\/p>\n","protected":false},"author":3,"featured_media":0,"parent":0,"menu_order":0,"comment_status":"closed","ping_status":"closed","template":"","meta":{"_et_pb_use_builder":"on","_et_pb_old_content":"","_et_gb_content_width":"","footnotes":""},"class_list":["post-7274","page","type-page","status-publish","hentry"],"_links":{"self":[{"href":"https:\/\/karate-belp.ch\/index.php?rest_route=\/wp\/v2\/pages\/7274","targetHints":{"allow":["GET"]}}],"collection":[{"href":"https:\/\/karate-belp.ch\/index.php?rest_route=\/wp\/v2\/pages"}],"about":[{"href":"https:\/\/karate-belp.ch\/index.php?rest_route=\/wp\/v2\/types\/page"}],"author":[{"embeddable":true,"href":"https:\/\/karate-belp.ch\/index.php?rest_route=\/wp\/v2\/users\/3"}],"replies":[{"embeddable":true,"href":"https:\/\/karate-belp.ch\/index.php?rest_route=%2Fwp%2Fv2%2Fcomments&post=7274"}],"version-history":[{"count":6,"href":"https:\/\/karate-belp.ch\/index.php?rest_route=\/wp\/v2\/pages\/7274\/revisions"}],"predecessor-version":[{"id":7462,"href":"https:\/\/karate-belp.ch\/index.php?rest_route=\/wp\/v2\/pages\/7274\/revisions\/7462"}],"wp:attachment":[{"href":"https:\/\/karate-belp.ch\/index.php?rest_route=%2Fwp%2Fv2%2Fmedia&parent=7274"}],"curies":[{"name":"wp","href":"https:\/\/api.w.org\/{rel}","templated":true}]}}