{"id":7391,"date":"2023-03-06T12:12:58","date_gmt":"2023-03-06T10:12:58","guid":{"rendered":"https:\/\/karate-belp.ch\/?page_id=7391"},"modified":"2023-03-06T14:25:49","modified_gmt":"2023-03-06T12:25:49","slug":"faq","status":"publish","type":"page","link":"https:\/\/karate-belp.ch\/?page_id=7391","title":{"rendered":"FAQ"},"content":{"rendered":"<p>[et_pb_section fb_built=&#8220;1&#8243; admin_label=&#8220;\u00fcber Karate&#8220; _builder_version=&#8220;4.20.0&#8243; background_color=&#8220;#fbfcfd&#8220; custom_padding=&#8220;0|0px|54px|0px|false|false&#8220; collapsed=&#8220;off&#8220; global_colors_info=&#8220;{}&#8220;][et_pb_row _builder_version=&#8220;4.16&#8243; global_colors_info=&#8220;{}&#8220;][et_pb_column type=&#8220;4_4&#8243; _builder_version=&#8220;4.16&#8243; custom_padding=&#8220;|||&#8220; global_colors_info=&#8220;{}&#8220; custom_padding__hover=&#8220;|||&#8220;][et_pb_image src=&#8220;https:\/\/karate-belp.ch\/wp-content\/uploads\/cropped-cropped-cropped-cropped-logo-mit-Text-lang-trans-1-1.png&#8220; title_text=&#8220;cropped-cropped-cropped-cropped-logo-mit-Text-lang-trans-1-1.png&#8220; align=&#8220;right&#8220; admin_label=&#8220;Logorechts&#8220; _builder_version=&#8220;4.20.0&#8243; _module_preset=&#8220;default&#8220; z_index=&#8220;500&#8243; width=&#8220;12%&#8220; global_colors_info=&#8220;{}&#8220;][\/et_pb_image][et_pb_post_nav in_same_term=&#8220;off&#8220; _builder_version=&#8220;4.20.0&#8243; _module_preset=&#8220;default&#8220; global_colors_info=&#8220;{}&#8220;][\/et_pb_post_nav][et_pb_menu _builder_version=&#8220;4.20.0&#8243; _module_preset=&#8220;default&#8220; global_colors_info=&#8220;{}&#8220;][\/et_pb_menu][et_pb_divider color=&#8220;#ff4c00&#8243; divider_weight=&#8220;2px&#8220; _builder_version=&#8220;4.16&#8243; max_width=&#8220;140px&#8220; module_alignment=&#8220;left&#8220; height=&#8220;10px&#8220; custom_margin=&#8220;|||&#8220; animation_style=&#8220;fade&#8220; locked=&#8220;off&#8220; global_colors_info=&#8220;{}&#8220;][\/et_pb_divider][et_pb_text admin_label=&#8220;probetraining title&#8220; _builder_version=&#8220;4.20.0&#8243; text_font=&#8220;||||||||&#8220; header_font=&#8220;||||||||&#8220; header_2_font=&#8220;Oswald|700|on|on|||||&#8220; header_2_font_size=&#8220;14vw&#8220; header_2_letter_spacing=&#8220;0.18em&#8220; background_layout=&#8220;dark&#8220; custom_margin_tablet=&#8220;|||0vw&#8220; custom_margin_phone=&#8220;||&#8220; custom_margin_last_edited=&#8220;off|desktop&#8220; animation_style=&#8220;slide&#8220; animation_direction=&#8220;left&#8220; animation_delay=&#8220;100ms&#8220; animation_intensity_slide=&#8220;10%&#8220; header_2_font_size_tablet=&#8220;7.5vw&#8220; header_2_font_size_last_edited=&#8220;off|desktop&#8220; header_2_text_shadow_style=&#8220;preset3&#8243; header_2_text_shadow_horizontal_length=&#8220;-0.14em&#8220; header_2_text_shadow_vertical_length=&#8220;0.1em&#8220; header_2_text_shadow_blur_strength=&#8220;0.8em&#8220; header_2_text_shadow_color=&#8220;rgba(149,173,193,0.46)&#8220; locked=&#8220;off&#8220; global_colors_info=&#8220;{}&#8220; custom_margin__hover_enabled=&#8220;on&#8220; custom_margin__hover=&#8220;|||5px&#8220;]<\/p>\n<h3><span style=\"color: #ff9900;\">H\u00e4ufige Fragen<\/span><\/h3>\n<p>[\/et_pb_text][et_pb_text admin_label=&#8220;Gurt binden Title&#8220; _builder_version=&#8220;4.20.0&#8243; text_font=&#8220;||||||||&#8220; ul_font=&#8220;||||||||&#8220; ol_font=&#8220;||||||||&#8220; header_font=&#8220;||||||||&#8220; header_2_font=&#8220;||||||||&#8220; header_3_font=&#8220;Oswald||on|on|||||&#8220; header_3_font_size=&#8220;12px&#8220; header_3_letter_spacing=&#8220;7px&#8220; header_3_line_height=&#8220;1.6em&#8220; header_4_font=&#8220;||||||||&#8220; header_5_font=&#8220;||||||||&#8220; header_6_font=&#8220;||||||||&#8220; custom_margin=&#8220;||0px|40px&#8220; custom_margin_tablet=&#8220;&#8220; custom_margin_phone=&#8220;|||0px&#8220; custom_margin_last_edited=&#8220;on|phone&#8220; custom_padding=&#8220;|5vw||&#8220; custom_padding_tablet=&#8220;&#8220; custom_padding_phone=&#8220;|0vw||&#8220; custom_padding_last_edited=&#8220;on|phone&#8220; animation_style=&#8220;slide&#8220; animation_direction=&#8220;left&#8220; animation_delay=&#8220;250ms&#8220; animation_intensity_slide=&#8220;10%&#8220; header_3_font_size_tablet=&#8220;4vw&#8220; header_3_font_size_last_edited=&#8220;off|desktop&#8220; locked=&#8220;off&#8220; global_colors_info=&#8220;{}&#8220; header_font_size__hover=&#8220;30px&#8220; header_font_size__hover_enabled=&#8220;30px&#8220; header_letter_spacing__hover=&#8220;0px&#8220; header_letter_spacing__hover_enabled=&#8220;0px&#8220; header_text_shadow_style__hover=&#8220;none&#8220; header_text_shadow_style__hover_enabled=&#8220;none&#8220; header_text_shadow_color__hover=&#8220;rgba(0,0,0,0.4)&#8220; header_text_shadow_color__hover_enabled=&#8220;rgba(0,0,0,0.4)&#8220;]<\/p>\n<h3>Was ich wissen m\u00f6chte&#8230;<\/h3>\n<p>&nbsp;<\/p>\n<p>[\/et_pb_text][et_pb_toggle title=&#8220;Was ist Karate?&#8220; _builder_version=&#8220;4.20.0&#8243; _module_preset=&#8220;default&#8220; global_colors_info=&#8220;{}&#8220;]<\/p>\n<p>Alles Wissenswerte \u00fcber Karate erf\u00e4hrst du hier: [<a href=\"https:\/\/karate-belp.ch\/?page_id=7408\">Link<\/a>]<\/p>\n<p>[\/et_pb_toggle][et_pb_toggle title=&#8220;Was ist ein Probetraining?&#8220; _builder_version=&#8220;4.20.0&#8243; _module_preset=&#8220;default&#8220; global_colors_info=&#8220;{}&#8220;]<\/p>\n<p>Probe- oder Schnuppertraining ist gratis und dauert 1 Stunde. Es wird w\u00e4hrend des normalen Trainingsbetriebes durchgef\u00fchrt.<\/p>\n<p>Kinder d\u00fcrfen ab ca. 7 j\u00e4hrig (je nach Entwicklung des Kindes) bei uns trainieren.<\/p>\n<p>[\/et_pb_toggle][et_pb_toggle title=&#8220;Was kostet es?&#8220; _builder_version=&#8220;4.20.0&#8243; _module_preset=&#8220;default&#8220; global_colors_info=&#8220;{}&#8220;]<\/p>\n<p>Ein Probetraining ist gratis<\/p>\n<p>Anf\u00e4nger Kurs (8x) Kosten Fr. 100.00<\/p>\n<p>&nbsp;<\/p>\n<p><u>Kosten pro Semester:<\/u>\u00a0( 6 Monate ) \u00a0 \u00a0 \u00a0 \u00a0 \u00a0 \u00a0 \u00a0 \u00a0 \u00a0 \u00a0 \u00a0 \u00a0 \u00a0 \u00a0 \u00a0 \u00a0 \u00a0 \u00a0 \u00a0 \u00a0 \u00a0 \u00a0 \u00a0\u00a0<\/p>\n<p>Kinder\u00a0\u00a0 ( bis 16 Jahre ) \u00a0\u00a0 \u00a0\u00a0\u00a0\u00a0\u00a0\u00a0\u00a0\u00a0\u00a0\u00a0\u00a0\u00a0\u00a0\u00a0\u00a0\u00a0\u00a0\u00a0\u00a0\u00a0\u00a0\u00a0\u00a0 Fr.\u00a0 \u00a0260.&#8211; \u00a0 \u00a0 \u00a0 \u00a0 \u00a0 \u00a0 \u00a0 \u00a0 \u00a0 \u00a0\u00a0<\/p>\n<p>Jugendliche\u00a0 (16 &#8211; 17Jahre )\u00a0\u00a0\u00a0\u00a0\u00a0\u00a0\u00a0\u00a0\u00a0\u00a0\u00a0\u00a0\u00a0\u00a0\u00a0\u00a0\u00a0\u00a0\u00a0\u00a0\u00a0 Fr.\u00a0\u00a0 340.&#8211;<\/p>\n<p>Erwachsene\u00a0 ( ab 18 Jahre )\u00a0\u00a0\u00a0\u00a0\u00a0\u00a0\u00a0\u00a0\u00a0\u00a0\u00a0\u00a0\u00a0\u00a0\u00a0\u00a0\u00a0\u00a0\u00a0\u00a0\u00a0 Fr.\u00a0\u00a0 380.&#8211;<\/p>\n<p>&nbsp;<\/p>\n<p>Familientarif ab 2 Personen\u00a0 Fr.\u00a0 40. &#8212; Erm\u00e4ssigung pro\u00a0 Kind, ab 3 Kinder Fr.\u00a0 50.\u2014.<\/p>\n<p>[\/et_pb_toggle][et_pb_toggle title=&#8220;F\u00fcr welches Alter ist das Training?&#8220; _builder_version=&#8220;4.20.0&#8243; _module_preset=&#8220;default&#8220; global_colors_info=&#8220;{}&#8220;]<\/p>\n<p>Die Kids k\u00f6nnen im Alter <strong>ab 7 Jahren<\/strong> zu eigenen Trainingszeiten trainieren.<\/p>\n<p>Jugendliche und Erwachsene sind ab 16 Jahren bis ins hohe Alter willkommen.<\/p>\n<p>[\/et_pb_toggle][et_pb_toggle title=&#8220;Wann sind die Trainingszeiten?&#8220; _builder_version=&#8220;4.20.0&#8243; _module_preset=&#8220;default&#8220; global_colors_info=&#8220;{}&#8220;]<\/p>\n<p>Die Trainingszeiten findest du hier: [<a href=\"https:\/\/karate-belp.ch\/?page_id=259\">Link<\/a>]<\/p>\n<p>[\/et_pb_toggle][et_pb_toggle title=&#8220;Wie sieht ein Karate-Jahr aus?&#8220; _builder_version=&#8220;4.20.0&#8243; _module_preset=&#8220;default&#8220; global_colors_info=&#8220;{}&#8220;]<\/p>\n<p>Je nach Stufe und Alter finden diverse Anl\u00e4sse statt. Einen detaillierten Terminkalender findest du hier: [<a href=\"https:\/\/karate-belp.ch\/?page_id=4596\">Link<\/a>]<\/p>\n<p>[\/et_pb_toggle][\/et_pb_column][\/et_pb_row][\/et_pb_section]<\/p>\n","protected":false},"excerpt":{"rendered":"<p>H\u00e4ufige FragenWas ich wissen m\u00f6chte&#8230; &nbsp;Alles Wissenswerte \u00fcber Karate erf\u00e4hrst du hier: [Link]Probe- oder Schnuppertraining ist gratis und dauert 1 Stunde. Es wird w\u00e4hrend des normalen Trainingsbetriebes durchgef\u00fchrt. Kinder d\u00fcrfen ab ca. 7 j\u00e4hrig (je nach Entwicklung des Kindes) bei uns trainieren.Ein Probetraining ist gratis Anf\u00e4nger Kurs (8x) Kosten Fr. 100.00 &nbsp; Kosten pro Semester:\u00a0( [&hellip;]<\/p>\n","protected":false},"author":3,"featured_media":0,"parent":0,"menu_order":0,"comment_status":"closed","ping_status":"closed","template":"","meta":{"_et_pb_use_builder":"on","_et_pb_old_content":"","_et_gb_content_width":"","footnotes":""},"class_list":["post-7391","page","type-page","status-publish","hentry"],"_links":{"self":[{"href":"https:\/\/karate-belp.ch\/index.php?rest_route=\/wp\/v2\/pages\/7391","targetHints":{"allow":["GET"]}}],"collection":[{"href":"https:\/\/karate-belp.ch\/index.php?rest_route=\/wp\/v2\/pages"}],"about":[{"href":"https:\/\/karate-belp.ch\/index.php?rest_route=\/wp\/v2\/types\/page"}],"author":[{"embeddable":true,"href":"https:\/\/karate-belp.ch\/index.php?rest_route=\/wp\/v2\/users\/3"}],"replies":[{"embeddable":true,"href":"https:\/\/karate-belp.ch\/index.php?rest_route=%2Fwp%2Fv2%2Fcomments&post=7391"}],"version-history":[{"count":10,"href":"https:\/\/karate-belp.ch\/index.php?rest_route=\/wp\/v2\/pages\/7391\/revisions"}],"predecessor-version":[{"id":7417,"href":"https:\/\/karate-belp.ch\/index.php?rest_route=\/wp\/v2\/pages\/7391\/revisions\/7417"}],"wp:attachment":[{"href":"https:\/\/karate-belp.ch\/index.php?rest_route=%2Fwp%2Fv2%2Fmedia&parent=7391"}],"curies":[{"name":"wp","href":"https:\/\/api.w.org\/{rel}","templated":true}]}}